{"id":7390,"date":"2025-05-06T08:26:51","date_gmt":"2025-05-06T06:26:51","guid":{"rendered":"http:\/\/jnr-cpl.com\/?page_id=7390"},"modified":"2025-05-06T08:55:15","modified_gmt":"2025-05-06T06:55:15","slug":"jnr-2024-2","status":"publish","type":"page","link":"http:\/\/jnr-cpl.com\/?page_id=7390","title":{"rendered":"JNR 2024"},"content":{"rendered":"<p><img loading=\"lazy\" decoding=\"async\" class=\"size-full wp-image-6695 aligncenter\" src=\"http:\/\/jnr-cpl.com\/wp-content\/uploads\/2024\/05\/436552784_851367183684817_7912908952280001421_n.jpg\" alt=\"\" width=\"350\" height=\"268\" srcset=\"http:\/\/jnr-cpl.com\/wp-content\/uploads\/2024\/05\/436552784_851367183684817_7912908952280001421_n.jpg 350w, http:\/\/jnr-cpl.com\/wp-content\/uploads\/2024\/05\/436552784_851367183684817_7912908952280001421_n-300x230.jpg 300w\" sizes=\"auto, (max-width: 350px) 100vw, 350px\" \/><\/p>\n<p>&nbsp;<\/p>\n<p style=\"text-align: center;\"><a href=\"http:\/\/jnr-cpl.com\/?p=6694\" target=\"_blank\" rel=\"noopener\"><strong>JNR 2024<\/strong><\/a><\/p>\n<p style=\"text-align: center;\"><a href=\"http:\/\/jnr-cpl.com\/?p=6693\" target=\"_blank\" rel=\"noopener\"><strong>JNR 2024 \u2013 Invitation<\/strong><\/a><\/p>\n<p style=\"text-align: center;\"><a href=\"http:\/\/jnr-cpl.com\/?p=6692\" target=\"_blank\" rel=\"noopener\"><strong>JNR 2024 \u2013 Proposition horaire fleurissement de plaques 20e arrondissement<\/strong><\/a><\/p>\n<p style=\"text-align: center;\"><a href=\"http:\/\/jnr-cpl.com\/?p=6721\" target=\"_blank\" rel=\"noopener\"><strong>JNR 2024 \u2013 C\u00e9r\u00e9monie au 48 rue du Four : 81\u00e8me anniversaire du CNR et 80\u00e8me anniversaire du programme du CNR \u00ab\u00a0Les Jours Heureux\u00a0\u00bb <\/strong><\/a><\/p>\n<p style=\"text-align: center;\"><a href=\"http:\/\/jnr-cpl.com\/?p=6701\" target=\"_blank\" rel=\"noopener\"><strong>JNR 2024 \u2013 Mont-Val\u00e9rien<\/strong><\/a><\/p>\n<p style=\"text-align: center;\"><a href=\"http:\/\/jnr-cpl.com\/?p=6702\" target=\"_blank\" rel=\"noopener\"><strong>JNR 2024 \u2013 10 \u00e8me anniversaire de la Journ\u00e9e Nationale de la R\u00e9sistance 2014-2024<\/strong><\/a><\/p>\n<p style=\"text-align: center;\"><a href=\"http:\/\/jnr-cpl.com\/?p=6707\" target=\"_blank\" rel=\"noopener\"><strong>JNR 2024 \u2013 Pourquoi tous les 27 mai, la journ\u00e9e nationale de la R\u00e9sistance ?<\/strong><\/a><\/p>\n<p style=\"text-align: center;\"><a href=\"http:\/\/jnr-cpl.com\/?p=6710\" target=\"_blank\" rel=\"noopener\"><strong>JNR 2024 \u2013 Les Associations<\/strong><\/a><\/p>\n<p style=\"text-align: center;\"><a href=\"http:\/\/jnr-cpl.com\/?p=6720\" target=\"_blank\" rel=\"noopener\"><strong>JNR 2024 \u2013 C\u00e9r\u00e9monie aux st\u00e8les en hommage \u00e0 Jean Moulin, rond-point des Champs-Elys\u00e9es<\/strong><\/a><\/p>\n","protected":false},"excerpt":{"rendered":"<p>&nbsp; JNR 2024 JNR 2024 \u2013 Invitation JNR 2024 \u2013 Proposition horaire fleurissement de plaques 20e arrondissement JNR 2024 \u2013 C\u00e9r\u00e9monie au 48 rue du Four : 81\u00e8me anniversaire du CNR et 80\u00e8me anniversaire du programme du CNR \u00ab\u00a0Les Jours Heureux\u00a0\u00bb JNR 2024 \u2013 Mont-Val\u00e9rien JNR 2024 \u2013 10 \u00e8me anniversaire de la Journ\u00e9e Nationale &hellip; <\/p>\n<p class=\"read-more\"><a class=\"btn btn-default\" href=\"http:\/\/jnr-cpl.com\/?page_id=7390\"> Read More<span class=\"screen-reader-text\">  Read More<\/span><\/a><\/p>\n","protected":false},"author":1,"featured_media":0,"parent":0,"menu_order":0,"comment_status":"closed","ping_status":"closed","template":"","meta":{"footnotes":""},"class_list":["post-7390","page","type-page","status-publish","hentry"],"_links":{"self":[{"href":"http:\/\/jnr-cpl.com\/index.php?rest_route=\/wp\/v2\/pages\/7390","targetHints":{"allow":["GET"]}}],"collection":[{"href":"http:\/\/jnr-cpl.com\/index.php?rest_route=\/wp\/v2\/pages"}],"about":[{"href":"http:\/\/jnr-cpl.com\/index.php?rest_route=\/wp\/v2\/types\/page"}],"author":[{"embeddable":true,"href":"http:\/\/jnr-cpl.com\/index.php?rest_route=\/wp\/v2\/users\/1"}],"replies":[{"embeddable":true,"href":"http:\/\/jnr-cpl.com\/index.php?rest_route=%2Fwp%2Fv2%2Fcomments&post=7390"}],"version-history":[{"count":5,"href":"http:\/\/jnr-cpl.com\/index.php?rest_route=\/wp\/v2\/pages\/7390\/revisions"}],"predecessor-version":[{"id":7401,"href":"http:\/\/jnr-cpl.com\/index.php?rest_route=\/wp\/v2\/pages\/7390\/revisions\/7401"}],"wp:attachment":[{"href":"http:\/\/jnr-cpl.com\/index.php?rest_route=%2Fwp%2Fv2%2Fmedia&parent=7390"}],"curies":[{"name":"wp","href":"https:\/\/api.w.org\/{rel}","templated":true}]}}